{"id":229793,"date":"2014-03-07T15:43:39","date_gmt":"2014-03-07T15:43:39","guid":{"rendered":"https:\/\/2014.slovakia.wordcamp.org\/?page_id=229793"},"modified":"2014-05-14T04:09:52","modified_gmt":"2014-05-14T04:09:52","slug":"napisali-o-nas","status":"publish","type":"page","link":"https:\/\/slovakia.wordcamp.org\/2014\/napisali-o-nas\/","title":{"rendered":"Nap\u00edsali o n\u00e1s"},"content":{"rendered":"<ul>\n<li><a class=\"remote-title\" href=\"http:\/\/mihalovic.wordpress.com\/2014\/04\/26\/pre-mna-cele-zle\/\" target=\"_blank\">Pre m\u0148a cel\u00e9 zle\u2026<\/a><br \/>\n<em>&#8222;Moment\u00e1lne som na podujat\u00ed s n\u00e1zvom WordCamp 2014 v Bratislave, \u010do je podujatie pre priaznivcov WordPressu. WordPress je CMS sys\u00e9m na v\u00fdrobu a spr\u00e1vu www str\u00e1nok a je v s\u00fa\u010dasnosti je najpou\u017e\u00edvanej\u0161\u00edm syst\u00e9mom na svete.  &#8230;&#8220;<\/em> <span style=\"text-decoration: underline\"><a href=\"http:\/\/http:\/\/mihalovic.wordpress.com\/\" target=\"_blank\">Jozef Mihalovi\u010d<\/a><\/span><\/li>\n<li><a class=\"remote-title\" href=\"http:\/\/kb.greengeeks.com\/4567\/wordcamp-slovakia\/\" target=\"_blank\" rel=\"nofollow\">WordCamp Slovakia<\/a><br \/>\n<em>&#8222;WordCamps are an opportunity for the people related to WordPress to come together and get back to the basics of WordPress and get to know the WordPress people. Being a powerful platform for blogging and content management system, there are so many possibilities with WordPress.  &#8230;&#8220;<\/em> <span style=\"text-decoration: underline\"><a href=\"http:\/\/kb.greengeeks.com\/\" target=\"_blank\" rel=\"nofollow\">Green Geeks<\/a><\/span><\/li>\n<li><a class=\"remote-title\" href=\"http:\/\/www.zive.sk\/clanok\/95147\/konferencia-o-wordpresse-uz-tuto-sobotu-posledna-sanca-registrovat-sa\" target=\"_blank\">Konferencia o WordPresse u\u017e t\u00fato sobotu, posledn\u00e1 \u0161anca registrova\u0165 sa<\/a><br \/>\n<em>&#8222;WordCamp Slovensko 2014, konferencia o celosvetovo najpou\u017e\u00edvanej\u0161om n\u00e1stroji na tvorbu a spr\u00e1vu webstr\u00e1nok, sa bude kona\u0165 u\u017e t\u00fato sobotu (26. apr\u00edla) v Bratislave a vy m\u00e1te posledn\u00fa \u0161ancu sta\u0165 sa jej akt\u00edvnou s\u00fa\u010das\u0165ou. &#8230;&#8220;<\/em> <span style=\"text-decoration: underline\"><a href=\"http:\/\/www.zive.sk\/\" target=\"_blank\">Zive.sk<\/a><\/span><\/li>\n<li><a class=\"remote-title\" href=\"http:\/\/www.separatista.net\/wordpress\/kratke-zpravy\/treti-slovensky-wordcamp-probehne-v-bratislave\" target=\"_blank\">T\u0159et\u00ed slovensk\u00fd WordCamp prob\u011bhne v Bratislav\u011b<\/a><br \/>\n<em>&#8222;Za necel\u00fd m\u011bs\u00edc se uskute\u010dn\u00ed t\u0159et\u00ed ro\u010dn\u00edk slovensk\u00e9ho WordCampu, a to 26. dubna 2014 (sobota) v Bratislav\u011b. Z\u00fa\u010dastnit se mohou b\u011b\u017en\u00ed u\u017eivatel\u00e9 i profesion\u00e1ln\u00ed v\u00fdvoj\u00e1\u0159i. &#8230;&#8220;<\/em> <span style=\"text-decoration: underline\"><a href=\"http:\/\/www.separatista.net\" target=\"_blank\"><br \/>\nSeparatista.net<\/a><\/span><\/li>\n<li><a class=\"remote-title\" href=\"http:\/\/exot.boo.sk\/blog\/konecne-je-to-tu-wordcamp-2014\/\" target=\"_blank\">Kone\u010dne je to tu! WordCamp 2014<\/a><br \/>\n<em>&#8222;U\u017e je to rok, \u010do sme sa naposledy videli na WordCampe v Bratislave. Je tu nov\u00fd ro\u010dn\u00edk, so (staro)nov\u00fdmi sp\u00edkrami a kopcom skvel\u00fdch predn\u00e1\u0161ok. Miesto sa nezmenilo, akcia sa bude kona\u0165 na FIIT STU Bratislava. &#8230;&#8220;<\/em> <span style=\"text-decoration: underline\"><a href=\"http:\/\/exot.boo.sk\/blog\/\" target=\"_blank\">Exotov b\u00f3\u00d3log<\/a><\/span><\/li>\n<li><a class=\"remote-title\" href=\"http:\/\/branorac.sk\/wordcamp-slovensko-2014-uz-buduci-mesiac\/\" target=\"_blank\">WordCamp Slovensko 2014 u\u017e bud\u00faci mesiac<\/a><br \/>\n<em>&#8222;Tak priatelia, kamar\u00e1ti z wp.sk pre n\u00e1s aj tento rok pripravili konferenciu v\u0161etk\u00fdch u\u017e\u00edvate\u013eov a priaznivcov syst\u00e9mu WordPress, nazvan\u00fa Wordcamp Slovensko 2014 &#8230;&#8220;<\/em> <span style=\"text-decoration: underline\"><a href=\"http:\/\/branorac.sk\/\" target=\"_blank\">Bra\u0148o R\u00e1c<\/a><\/span><\/li>\n<li><a class=\"remote-title\" href=\"http:\/\/tlacovespravy.wordpress.com\/2014\/03\/07\/konferencia-wordcamp-slovensko-2014-o-redakcnom-systeme-wordpress-bude-26-aprila-v-bratislave\/\" target=\"_blank\">Konferencia WordCamp Slovensko 2014 o redak\u010dnom syst\u00e9me WordPress bude 26. apr\u00edla v Bratislave<\/a><br \/>\n<em>&#8222;WordCamp Slovensko je jednou z mnoh\u00fdch WordCamp konferenci\u00ed, ktor\u00e9 sa konaj\u00fa ka\u017edoro\u010dne po celom svete. V\u0161etky v\u0161ak maj\u00fa jedno spolo\u010dn\u00e9: informova\u0165 o novink\u00e1ch a trendoch, pom\u00f4c\u0165 s probl\u00e9mami pri pou\u017e\u00edvan\u00ed a roz\u0161\u00edri\u0165 povedomie o ob\u013e\u00fabenom redak\u010dnom syst\u00e9me (CMS \u2013 Content Management System) WordPress &#8230;&#8220;<\/em> <span style=\"text-decoration: underline\"><a href=\"http:\/\/tlacovespravy.wordpress.com\/\" target=\"_blank\">tlacovasprava.sk<\/a><\/span><\/li>\n<\/ul>\n","protected":false},"excerpt":{"rendered":"<p>Pre m\u0148a cel\u00e9 zle\u2026 &#8222;Moment\u00e1lne som na podujat\u00ed s n\u00e1zvom WordCamp 2014 v Bratislave, \u010do je podujatie pre priaznivcov WordPressu. WordPress je CMS sys\u00e9m na v\u00fdrobu a spr\u00e1vu www str\u00e1nok a je v s\u00fa\u010dasnosti je najpou\u017e\u00edvanej\u0161\u00edm syst\u00e9mom na svete. &#8230;&#8220; &hellip; <a href=\"https:\/\/slovakia.wordcamp.org\/2014\/napisali-o-nas\/\">\u010c\u00edta\u0165 \u010falej <span class=\"screen-reader-text\">Nap\u00edsali o n\u00e1s<\/span>  <span class=\"meta-nav\">&rarr;<\/span><\/a><\/p>\n","protected":false},"author":7606770,"featured_media":0,"parent":0,"menu_order":0,"comment_status":"closed","ping_status":"open","template":"","meta":{"jetpack_post_was_ever_published":false,"footnotes":""},"class_list":["post-229793","page","type-page","status-publish","hentry"],"jetpack_sharing_enabled":true,"_links":{"self":[{"href":"https:\/\/slovakia.wordcamp.org\/2014\/wp-json\/wp\/v2\/pages\/229793","targetHints":{"allow":["GET"]}}],"collection":[{"href":"https:\/\/slovakia.wordcamp.org\/2014\/wp-json\/wp\/v2\/pages"}],"about":[{"href":"https:\/\/slovakia.wordcamp.org\/2014\/wp-json\/wp\/v2\/types\/page"}],"author":[{"embeddable":true,"href":"https:\/\/slovakia.wordcamp.org\/2014\/wp-json\/wp\/v2\/users\/7606770"}],"replies":[{"embeddable":true,"href":"https:\/\/slovakia.wordcamp.org\/2014\/wp-json\/wp\/v2\/comments?post=229793"}],"version-history":[{"count":11,"href":"https:\/\/slovakia.wordcamp.org\/2014\/wp-json\/wp\/v2\/pages\/229793\/revisions"}],"predecessor-version":[{"id":620792,"href":"https:\/\/slovakia.wordcamp.org\/2014\/wp-json\/wp\/v2\/pages\/229793\/revisions\/620792"}],"wp:attachment":[{"href":"https:\/\/slovakia.wordcamp.org\/2014\/wp-json\/wp\/v2\/media?parent=229793"}],"curies":[{"name":"wp","href":"https:\/\/api.w.org\/{rel}","templated":true}]}}