{"id":1618,"date":"2015-01-22T12:26:45","date_gmt":"2015-01-22T11:26:45","guid":{"rendered":"https:\/\/2015.slovakia.wordcamp.org\/?page_id=1618"},"modified":"2015-04-10T16:12:45","modified_gmt":"2015-04-10T15:12:45","slug":"pre-media","status":"publish","type":"page","link":"https:\/\/slovakia.wordcamp.org\/2015\/pre-media\/","title":{"rendered":"Pre m\u00e9di\u00e1"},"content":{"rendered":"<p>Radi by ste nap\u00edsali o konferencii WordCamp Slovensko 2015? Alebo by ste sa chceli nie\u010do dozvedie\u0165?<\/p>\n<p>Nap\u00ed\u0161te n\u00e1m a my v\u00e1m odpovieme hne\u010f ako to bude mo\u017en\u00e9. <\/p>\n<p>Kontaktn\u00e1 osoba:<br \/>\n<strong>Martina Trep\u00e1kov\u00e1 <\/strong><br \/>\n<strong>wordcamp@wp.sk<\/strong><\/p>\n<ul>\n<li><a href=\"https:\/\/2015.slovakia.wordcamp.org\/pre-media\/tlacova-sprava-7-4-2015\/\" title=\"Tla\u010dov\u00e1 spr\u00e1va 7.4.2015\"><strong>Tla\u010dov\u00e1 spr\u00e1va 7. 4. 2015<\/strong><\/a> (<a href=\"https:\/\/2015.slovakia.wordcamp.org\/files\/2015\/04\/tlacova-sprava_7.4.2015_final.doc_.pdf\" title=\"Tla\u010dov\u00e1 spr\u00e1va 7.4.2015\">stiahnu\u0165 ako PDF<\/a>)<\/li>\n<li><a href=\"https:\/\/2015.slovakia.wordcamp.org\/tlacova-sprava-20-1-2015\/\" title=\"Tla\u010dov\u00e1 spr\u00e1va 20.1.2015\"><strong>Tla\u010dov\u00e1 spr\u00e1va 20. 1. 2015<\/strong><\/a> (<a href=\"https:\/\/2015.slovakia.wordcamp.org\/files\/2015\/01\/tlacova-sprava_20.1.doc_.pdf\" title=\"Tla\u010dov\u00e1 spr\u00e1va 20.1.2015\">stiahnu\u0165 ako PDF<\/a>)<\/li>\n<\/ul>\n","protected":false},"excerpt":{"rendered":"<p>Radi by ste nap\u00edsali o konferencii WordCamp Slovensko 2015? Alebo by ste sa chceli nie\u010do dozvedie\u0165? Nap\u00ed\u0161te n\u00e1m a my v\u00e1m odpovieme hne\u010f ako to bude mo\u017en\u00e9. Kontaktn\u00e1 osoba: Martina Trep\u00e1kov\u00e1 wordcamp@wp.sk Tla\u010dov\u00e1 spr\u00e1va 7. 4. 2015 (stiahnu\u0165 ako PDF) &hellip; <a href=\"https:\/\/slovakia.wordcamp.org\/2015\/pre-media\/\">Pokra\u010dova\u0165 v \u010d\u00edtan\u00ed <span class=\"meta-nav\">&rarr;<\/span><\/a><\/p>\n","protected":false},"author":1633114,"featured_media":0,"parent":0,"menu_order":0,"comment_status":"closed","ping_status":"closed","template":"","meta":{"jetpack_post_was_ever_published":false,"footnotes":""},"class_list":["post-1618","page","type-page","status-publish","hentry"],"jetpack_shortlink":"https:\/\/wp.me\/P5jyiY-q6","jetpack_sharing_enabled":true,"_links":{"self":[{"href":"https:\/\/slovakia.wordcamp.org\/2015\/wp-json\/wp\/v2\/pages\/1618","targetHints":{"allow":["GET"]}}],"collection":[{"href":"https:\/\/slovakia.wordcamp.org\/2015\/wp-json\/wp\/v2\/pages"}],"about":[{"href":"https:\/\/slovakia.wordcamp.org\/2015\/wp-json\/wp\/v2\/types\/page"}],"author":[{"embeddable":true,"href":"https:\/\/slovakia.wordcamp.org\/2015\/wp-json\/wp\/v2\/users\/1633114"}],"replies":[{"embeddable":true,"href":"https:\/\/slovakia.wordcamp.org\/2015\/wp-json\/wp\/v2\/comments?post=1618"}],"version-history":[{"count":21,"href":"https:\/\/slovakia.wordcamp.org\/2015\/wp-json\/wp\/v2\/pages\/1618\/revisions"}],"predecessor-version":[{"id":2464,"href":"https:\/\/slovakia.wordcamp.org\/2015\/wp-json\/wp\/v2\/pages\/1618\/revisions\/2464"}],"wp:attachment":[{"href":"https:\/\/slovakia.wordcamp.org\/2015\/wp-json\/wp\/v2\/media?parent=1618"}],"curies":[{"name":"wp","href":"https:\/\/api.w.org\/{rel}","templated":true}]}}