{"id":5,"date":"2014-11-07T23:48:31","date_gmt":"2014-11-07T22:48:31","guid":{"rendered":"https:\/\/2015.slovakia.wordcamp.org\/schedule\/"},"modified":"2015-11-23T13:31:01","modified_gmt":"2015-11-23T12:31:01","slug":"program","status":"publish","type":"page","link":"https:\/\/slovakia.wordcamp.org\/2015\/program\/","title":{"rendered":"Program"},"content":{"rendered":"<h1><strong>Sobota 18. 4. 2015 &#8222;WordCamp Slovensko&#8220;<\/strong><\/h1>\n<p>Tento rok na teba \u010dak\u00e1 <strong>6 pou\u017e\u00edvate\u013esky laden\u00fdch prezent\u00e1ci\u00ed<\/strong> a <strong>6 technick\u00fdch predn\u00e1\u0161ok pre v\u00fdvoj\u00e1rov<\/strong>, ktor\u00e9 sa bud\u00fa odohr\u00e1va\u0165 v dvoch miestnostiach. Jeden hodinov\u00fd blok bude pozost\u00e1va\u0165 z 30 min\u00fatovej predn\u00e1\u0161ky, 15 min\u00fatovej moderovanej diskusie a 15 min\u00fatovej prest\u00e1vky. Po\u010das nej m\u00f4\u017eete neru\u0161ene networkova\u0165 so sp\u00edkrami a s ostatn\u00fdmi \u00fa\u010dastn\u00edkmi WordCampu.<\/p>\n<p><a href=\"https:\/\/2015.slovakia.wordcamp.org\/spikri\/\" target=\"_blank\">Bli\u017e\u0161ie inform\u00e1cie o ka\u017edom sp\u00edkrovi sa dozvie\u0161 tu.<\/a><\/p>\n<p>Hlavnou t\u00e9mou tohtoro\u010dn\u00e9ho WordCamp je:<br \/>\n<strong>WordPress mi pomohol. Ako m\u00f4\u017eem JA pom\u00f4c\u0165 WordPress?<\/strong><\/p>\n<h1><strong>Predn\u00e1\u0161ky pre pou\u017e\u00edvate\u013eov<\/strong><\/h1>\n<table class=\"wcpt-schedule\" border=\"0\"><thead><tr><th class=\"wcpt-col-time\">\u010cas<\/th><th class=\"wcpt-col-track\"> <span class=\"wcpt-track-name\">Pou\u017e\u00edvatelia<\/span> <span class=\"wcpt-track-description\"><\/span> <\/th><\/tr><\/thead><tbody><tr class=\"wcpt-time-830 global-session registrcia-astnkov\"><td class=\"wcpt-time\">8:30<\/td><td colspan=\"1\" class=\"wcb-track-pouzivatelia wcpt-session-type-session wcb-session-registracia-ucastnikov\" data-track-title=\"Pou\u017e\u00edvatelia\" data-session-id=\"2346\"><div class=\"wcb-session-cell-content\"><span class=\"wcpt-session-title\">Registr\u00e1cia \u00fa\u010dastn\u00edkov<\/span><\/div><div class=\"wcb-session-favourite-icon\"><a href=\"#\" role=\"button\" class=\"fav-session-button\" aria-pressed=\"false\"><span class=\"screen-reader-text\">Favorite session: Registr\u00e1cia \u00fa\u010dastn\u00edkov<\/span><span class=\"dashicons dashicons-star-filled\"><\/span><\/a><\/div><\/td><\/tr><tr class=\"wcpt-time-900 global-session spolon-vod\"><td class=\"wcpt-time\">9:00<\/td><td colspan=\"1\" class=\"wcb-track-pouzivatelia wcb-track-vyvojari wcpt-session-type-session wcb-session-uvod\" data-track-title=\"Pou\u017e\u00edvatelia, V\u00fdvoj\u00e1ri\" data-session-id=\"2295\"><div class=\"wcb-session-cell-content\"><span class=\"wcpt-session-title\">Spolo\u010dn\u00fd \u00favod<\/span><\/div><div class=\"wcb-session-favourite-icon\"><a href=\"#\" role=\"button\" class=\"fav-session-button\" aria-pressed=\"false\"><span class=\"screen-reader-text\">Favorite session: Spolo\u010dn\u00fd \u00favod<\/span><span class=\"dashicons dashicons-star-filled\"><\/span><\/a><\/div><\/td><\/tr><tr class=\"wcpt-time-930 global-session ako-som-vytvorila-jeden-zo-100-najspenejch-cestovateskch-blogov-na-svete\"><td class=\"wcpt-time\">9:30<\/td><td colspan=\"1\" class=\"wcb-speaker-alexandra-kovacova wcb-track-pouzivatelia wcpt-session-type-session wcb-session-alexandra-kovacova\" data-track-title=\"Pou\u017e\u00edvatelia\" data-session-id=\"2309\"><div class=\"wcb-session-cell-content\"><span class=\"wcpt-session-title\">Ako som vytvorila jeden zo 100 naj\u00faspe\u0161nej\u0161\u00edch cestovate\u013esk\u00fdch blogov na svete<\/span> <span class=\"wcpt-session-speakers\"><a href=\"https:\/\/slovakia.wordcamp.org\/2015\/spikri\/#wcorg-speaker-alexandra-kovacova\">Alexandra Kov\u00e1\u010dov\u00e1<\/a><\/span><\/div><div class=\"wcb-session-favourite-icon\"><a href=\"#\" role=\"button\" class=\"fav-session-button\" aria-pressed=\"false\"><span class=\"screen-reader-text\">Favorite session: Ako som vytvorila jeden zo 100 naj\u00faspe\u0161nej\u0161\u00edch cestovate\u013esk\u00fdch blogov na svete<\/span><span class=\"dashicons dashicons-star-filled\"><\/span><\/a><\/div><\/td><\/tr><tr class=\"wcpt-time-1030 global-session 10-hlpych-chb-ktor-mte-na-vaej-wordpress-strnke\"><td class=\"wcpt-time\">10:30<\/td><td colspan=\"1\" class=\"wcb-speaker-michal-kopecky wcb-track-pouzivatelia wcpt-session-type-session wcb-session-10-hlupych-chyb-ktore-mate-na-vasej-wordpress-stranke\" data-track-title=\"Pou\u017e\u00edvatelia\" data-session-id=\"2096\"><div class=\"wcb-session-cell-content\"><span class=\"wcpt-session-title\">10 hl\u00fapych ch\u00fdb, ktor\u00e9 m\u00e1te na va\u0161ej WordPress str\u00e1nke<\/span> <span class=\"wcpt-session-speakers\"><a href=\"https:\/\/slovakia.wordcamp.org\/2015\/spikri\/#wcorg-speaker-michal-kopecky\">Michal Kopeck\u00fd<\/a><\/span><\/div><div class=\"wcb-session-favourite-icon\"><a href=\"#\" role=\"button\" class=\"fav-session-button\" aria-pressed=\"false\"><span class=\"screen-reader-text\">Favorite session: 10 hl\u00fapych ch\u00fdb, ktor\u00e9 m\u00e1te na va\u0161ej WordPress str\u00e1nke<\/span><span class=\"dashicons dashicons-star-filled\"><\/span><\/a><\/div><\/td><\/tr><tr class=\"wcpt-time-1130 global-session contributing-to-wordpress-en\"><td class=\"wcpt-time\">11:30<\/td><td colspan=\"1\" class=\"wcb-speaker-jenny-wong wcb-track-pouzivatelia wcpt-session-type-session wcb-session-contributing-to-wordpress\" data-track-title=\"Pou\u017e\u00edvatelia\" data-session-id=\"2300\"><div class=\"wcb-session-cell-content\"><span class=\"wcpt-session-title\">Contributing to WordPress [EN]<\/span> <span class=\"wcpt-session-speakers\"><a href=\"https:\/\/slovakia.wordcamp.org\/2015\/spikri\/#wcorg-speaker-jenny-wong\">Jenny Wong<\/a><\/span><\/div><div class=\"wcb-session-favourite-icon\"><a href=\"#\" role=\"button\" class=\"fav-session-button\" aria-pressed=\"false\"><span class=\"screen-reader-text\">Favorite session: Contributing to WordPress [EN]<\/span><span class=\"dashicons dashicons-star-filled\"><\/span><\/a><\/div><\/td><\/tr><tr class=\"wcpt-time-1230 global-session obed\"><td class=\"wcpt-time\">12:30<\/td><td colspan=\"1\" class=\"wcb-track-pouzivatelia wcb-track-vyvojari wcpt-session-type-custom wcb-session-obed\" data-track-title=\"Pou\u017e\u00edvatelia, V\u00fdvoj\u00e1ri\" data-session-id=\"2304\"><div class=\"wcb-session-cell-content\"><span class=\"wcpt-session-title\">Obed<\/span><\/div><\/td><\/tr><tr class=\"wcpt-time-1330 global-session zmeny-ktor-nm-pomohli-strojnsobi-nvtevnos-blogu\"><td class=\"wcpt-time\">13:30<\/td><td colspan=\"1\" class=\"wcb-speaker-marek-sulik wcb-track-pouzivatelia wcpt-session-type-session wcb-session-zmeny-ktore-nam-pomohli-strojnasobit-navstevnost-blogu\" data-track-title=\"Pou\u017e\u00edvatelia\" data-session-id=\"2302\"><div class=\"wcb-session-cell-content\"><span class=\"wcpt-session-title\">Zmeny, ktor\u00e9 n\u00e1m pomohli strojn\u00e1sobi\u0165 n\u00e1v\u0161tevnos\u0165 blogu<\/span> <span class=\"wcpt-session-speakers\"><a href=\"https:\/\/slovakia.wordcamp.org\/2015\/spikri\/#wcorg-speaker-marek-sulik\">Marek \u0160ulik<\/a><\/span><\/div><div class=\"wcb-session-favourite-icon\"><a href=\"#\" role=\"button\" class=\"fav-session-button\" aria-pressed=\"false\"><span class=\"screen-reader-text\">Favorite session: Zmeny, ktor\u00e9 n\u00e1m pomohli strojn\u00e1sobi\u0165 n\u00e1v\u0161tevnos\u0165 blogu<\/span><span class=\"dashicons dashicons-star-filled\"><\/span><\/a><\/div><\/td><\/tr><tr class=\"wcpt-time-1430 global-session on-the-road-wordpress-traveling-and-productivity-en\"><td class=\"wcpt-time\">14:30<\/td><td colspan=\"1\" class=\"wcb-speaker-petya-raykovska wcb-track-pouzivatelia wcpt-session-type-session wcb-session-on-the-road-wordpress-traveling-and-productivity\" data-track-title=\"Pou\u017e\u00edvatelia\" data-session-id=\"2307\"><div class=\"wcb-session-cell-content\"><span class=\"wcpt-session-title\">On The Road &#8211; WordPress, Traveling and Productivity [EN]<\/span> <span class=\"wcpt-session-speakers\"><a href=\"https:\/\/slovakia.wordcamp.org\/2015\/spikri\/#wcorg-speaker-petya-raykovska\">Petya Raykovska<\/a><\/span><\/div><div class=\"wcb-session-favourite-icon\"><a href=\"#\" role=\"button\" class=\"fav-session-button\" aria-pressed=\"false\"><span class=\"screen-reader-text\">Favorite session: On The Road &#8211; WordPress, Traveling and Productivity [EN]<\/span><span class=\"dashicons dashicons-star-filled\"><\/span><\/a><\/div><\/td><\/tr><tr class=\"wcpt-time-1630 global-session spolon-diskusia-a-zver\"><td class=\"wcpt-time\">16:30<\/td><td colspan=\"1\" class=\"wcb-track-pouzivatelia wcb-track-vyvojari wcpt-session-type-session wcb-session-diskusia\" data-track-title=\"Pou\u017e\u00edvatelia, V\u00fdvoj\u00e1ri\" data-session-id=\"2312\"><div class=\"wcb-session-cell-content\"><span class=\"wcpt-session-title\">Spolo\u010dn\u00e1 diskusia a z\u00e1ver<\/span><\/div><div class=\"wcb-session-favourite-icon\"><a href=\"#\" role=\"button\" class=\"fav-session-button\" aria-pressed=\"false\"><span class=\"screen-reader-text\">Favorite session: Spolo\u010dn\u00e1 diskusia a z\u00e1ver<\/span><span class=\"dashicons dashicons-star-filled\"><\/span><\/a><\/div><\/td><\/tr><\/tbody><\/table>\n\t<div class=\"email-form fav-session-email-form-hide\">\n\t\t<!-- Tab links -->\n\t\t<div class=\"fav-session-share-tab\">\n\t\t\t\t\t\t\t<div class=\"fav-session-tablinks\" id=\"fav-session-btn-email\">\n\t\t\t\t\tEmail\t\t\t\t<\/div>\n\t\t\t\n\t\t\t<div class=\"fav-session-tablinks\" id=\"fav-session-btn-link\">\n\t\t\t\tOdkaz\t\t\t<\/div>\n\n\t\t\t<div class=\"fav-session-tablinks\" id=\"fav-session-btn-print\">\n\t\t\t\tTla\u010di\u0165\t\t\t<\/div>\n\t\t<\/div>\n\n\t\t<!-- Tab content -->\n\t\t\t\t\t<div id=\"fav-session-tab-email\" class=\"fav-session-share-tabcontent\">\n\t\t\t\t<div id=\"fav-session-email-form\">\n\t\t\t\t\tSend me my favorite sessions:\n\t\t\t\t\t<form id=\"fav-sessions-form\">\n\t\t\t\t\t\t<input\n\t\t\t\t\t\t\ttype=\"text\"\n\t\t\t\t\t\t\tname=\"email_address\"\n\t\t\t\t\t\t\tid=\"fav-sessions-email-address\"\n\t\t\t\t\t\t\tplaceholder=\"me@protonmail.com\"\n\t\t\t\t\t\t\/>\n\t\t\t\t\t\t<input type=\"submit\" value=\"Odosla\u0165\" \/>\n\t\t\t\t\t<\/form>\n\t\t\t\t<\/div>\n\n\t\t\t\t<div class=\"fav-session-email-wait-spinner\"><\/div>\n\t\t\t\t<div class=\"fav-session-email-result\"><\/div>\n\t\t\t<\/div>\n\t\t\n\t\t<div id=\"fav-session-tab-link\" class=\"fav-session-share-tabcontent\">\n\t\t\tShareable link:\t\t\t<br \/>\n\t\t\t<a id=\"fav-sessions-link\" href=\"\"><\/a>\n\t\t<\/div>\n\n\t\t<div id=\"fav-session-tab-print\" class=\"fav-session-share-tabcontent\">\n\t\t\t<button id=\"fav-session-print\">\n\t\t\t\tPrint favorite sessions\t\t\t<\/button>\n\t\t<\/div>\n\t<\/div>\n\n\t<a class=\"show-email-form\" href=\"javascript:\">\n\t\t<span class=\"dashicons dashicons-star-filled\"><\/span>\n\t\t<span class=\"dashicons dashicons-email-alt\"><\/span>\n\t<\/a>\n\n\t\n<h1><strong>Predn\u00e1\u0161ky pre v\u00fdvoj\u00e1rov<\/strong><\/h1>\n<table class=\"wcpt-schedule\" border=\"0\"><thead><tr><th class=\"wcpt-col-time\">\u010cas<\/th><th class=\"wcpt-col-track\"> <span class=\"wcpt-track-name\">V\u00fdvoj\u00e1ri<\/span> <span class=\"wcpt-track-description\"><\/span> <\/th><\/tr><\/thead><tbody><tr class=\"wcpt-time-830 global-session registrcia-astnkov\"><td class=\"wcpt-time\">8:30<\/td><td colspan=\"1\" class=\"wcb-track-vyvojari wcpt-session-type-session wcb-session-registracia-ucastnikov-2\" data-track-title=\"V\u00fdvoj\u00e1ri\" data-session-id=\"2348\"><div class=\"wcb-session-cell-content\"><span class=\"wcpt-session-title\">Registr\u00e1cia \u00fa\u010dastn\u00edkov<\/span><\/div><div class=\"wcb-session-favourite-icon\"><a href=\"#\" role=\"button\" class=\"fav-session-button\" aria-pressed=\"false\"><span class=\"screen-reader-text\">Favorite session: Registr\u00e1cia \u00fa\u010dastn\u00edkov<\/span><span class=\"dashicons dashicons-star-filled\"><\/span><\/a><\/div><\/td><\/tr><tr class=\"wcpt-time-900 global-session spolon-vod\"><td class=\"wcpt-time\">9:00<\/td><td colspan=\"1\" class=\"wcb-track-pouzivatelia wcb-track-vyvojari wcpt-session-type-session wcb-session-uvod\" data-track-title=\"Pou\u017e\u00edvatelia, V\u00fdvoj\u00e1ri\" data-session-id=\"2295\"><div class=\"wcb-session-cell-content\"><span class=\"wcpt-session-title\">Spolo\u010dn\u00fd \u00favod<\/span><\/div><div class=\"wcb-session-favourite-icon\"><a href=\"#\" role=\"button\" class=\"fav-session-button\" aria-pressed=\"false\"><span class=\"screen-reader-text\">Favorite session: Spolo\u010dn\u00fd \u00favod<\/span><span class=\"dashicons dashicons-star-filled\"><\/span><\/a><\/div><\/td><\/tr><tr class=\"wcpt-time-930 global-session kontrola-kvality-webovho-projektu\"><td class=\"wcpt-time\">9:30<\/td><td colspan=\"1\" class=\"wcb-speaker-ivan-potancok wcb-track-vyvojari wcpt-session-type-session wcb-session-kontrola-kvality-weboveho-projektu\" data-track-title=\"V\u00fdvoj\u00e1ri\" data-session-id=\"2318\"><div class=\"wcb-session-cell-content\"><span class=\"wcpt-session-title\">Kontrola kvality webov\u00e9ho projektu<\/span> <span class=\"wcpt-session-speakers\"><a href=\"https:\/\/slovakia.wordcamp.org\/2015\/spikri\/#wcorg-speaker-ivan-potancok\">Ivan Potan\u010dok<\/a><\/span><\/div><div class=\"wcb-session-favourite-icon\"><a href=\"#\" role=\"button\" class=\"fav-session-button\" aria-pressed=\"false\"><span class=\"screen-reader-text\">Favorite session: Kontrola kvality webov\u00e9ho projektu<\/span><span class=\"dashicons dashicons-star-filled\"><\/span><\/a><\/div><\/td><\/tr><tr class=\"wcpt-time-1030 global-session playing-well-with-others-writing-solid-codes-in-large-community-projects-en\"><td class=\"wcpt-time\">10:30<\/td><td colspan=\"1\" class=\"wcb-speaker-dennis-snell wcb-track-vyvojari wcpt-session-type-session wcb-session-playing-well-with-others-writing-solid-codes-in-large-community-projects\" data-track-title=\"V\u00fdvoj\u00e1ri\" data-session-id=\"2320\"><div class=\"wcb-session-cell-content\"><span class=\"wcpt-session-title\">Playing well with others: writing solid codes in large community projects [EN]<\/span> <span class=\"wcpt-session-speakers\"><a href=\"https:\/\/slovakia.wordcamp.org\/2015\/spikri\/#wcorg-speaker-dennis-snell\">Dennis Snell<\/a><\/span><\/div><div class=\"wcb-session-favourite-icon\"><a href=\"#\" role=\"button\" class=\"fav-session-button\" aria-pressed=\"false\"><span class=\"screen-reader-text\">Favorite session: Playing well with others: writing solid codes in large community projects [EN]<\/span><span class=\"dashicons dashicons-star-filled\"><\/span><\/a><\/div><\/td><\/tr><tr class=\"wcpt-time-1130 global-session ako-zvldnu-rast-webu\"><td class=\"wcpt-time\">11:30<\/td><td colspan=\"1\" class=\"wcb-speaker-juraj-hantak wcb-track-vyvojari wcpt-session-type-session wcb-session-ako-zvladnut-rast-webu\" data-track-title=\"V\u00fdvoj\u00e1ri\" data-session-id=\"2315\"><div class=\"wcb-session-cell-content\"><span class=\"wcpt-session-title\">Ako zvl\u00e1dnu\u0165 rast webu<\/span> <span class=\"wcpt-session-speakers\"><a href=\"https:\/\/slovakia.wordcamp.org\/2015\/spikri\/#wcorg-speaker-juraj-hantak\">Juraj Hant\u00e1k<\/a><\/span><\/div><div class=\"wcb-session-favourite-icon\"><a href=\"#\" role=\"button\" class=\"fav-session-button\" aria-pressed=\"false\"><span class=\"screen-reader-text\">Favorite session: Ako zvl\u00e1dnu\u0165 rast webu<\/span><span class=\"dashicons dashicons-star-filled\"><\/span><\/a><\/div><\/td><\/tr><tr class=\"wcpt-time-1230 global-session obed\"><td class=\"wcpt-time\">12:30<\/td><td colspan=\"1\" class=\"wcb-track-pouzivatelia wcb-track-vyvojari wcpt-session-type-custom wcb-session-obed\" data-track-title=\"Pou\u017e\u00edvatelia, V\u00fdvoj\u00e1ri\" data-session-id=\"2304\"><div class=\"wcb-session-cell-content\"><span class=\"wcpt-session-title\">Obed<\/span><\/div><\/td><\/tr><tr class=\"wcpt-time-1330 global-session supporting-pro-plugins-en\"><td class=\"wcpt-time\">13:30<\/td><td colspan=\"1\" class=\"wcb-speaker-alec-kinnear wcb-speaker-lucia-spisiakova wcb-track-vyvojari wcpt-session-type-session wcb-session-supporting-pro-plugins\" data-track-title=\"V\u00fdvoj\u00e1ri\" data-session-id=\"2324\"><div class=\"wcb-session-cell-content\"><span class=\"wcpt-session-title\">Supporting Pro Plugins [EN]<\/span> <span class=\"wcpt-session-speakers\"><a href=\"https:\/\/slovakia.wordcamp.org\/2015\/spikri\/#wcorg-speaker-alec-kinnear\">Alec Kinnear<\/a>, <a href=\"https:\/\/slovakia.wordcamp.org\/2015\/spikri\/#wcorg-speaker-lucia-spisiakova\">Lucia Spi\u0161iakov\u00e1<\/a><\/span><\/div><div class=\"wcb-session-favourite-icon\"><a href=\"#\" role=\"button\" class=\"fav-session-button\" aria-pressed=\"false\"><span class=\"screen-reader-text\">Favorite session: Supporting Pro Plugins [EN]<\/span><span class=\"dashicons dashicons-star-filled\"><\/span><\/a><\/div><\/td><\/tr><tr class=\"wcpt-time-1430 global-session achilovka-wordpress--nsledky-prieniku-mu-by-vnejie-ako-si-myslte\"><td class=\"wcpt-time\">14:30<\/td><td colspan=\"1\" class=\"wcb-speaker-pavol-draxler wcb-track-vyvojari wcpt-session-type-session wcb-session-achilovka-wordpress-nasledky-prieniku-mozu-byt-vaznejsie-ako-si-myslite\" data-track-title=\"V\u00fdvoj\u00e1ri\" data-session-id=\"2322\"><div class=\"wcb-session-cell-content\"><span class=\"wcpt-session-title\">Achilovka WordPress \u2013 n\u00e1sledky prieniku m\u00f4\u017eu by\u0165 v\u00e1\u017enej\u0161ie, ako si mysl\u00edte<\/span> <span class=\"wcpt-session-speakers\"><a href=\"https:\/\/slovakia.wordcamp.org\/2015\/spikri\/#wcorg-speaker-pavol-draxler\">Pavol Draxler<\/a><\/span><\/div><div class=\"wcb-session-favourite-icon\"><a href=\"#\" role=\"button\" class=\"fav-session-button\" aria-pressed=\"false\"><span class=\"screen-reader-text\">Favorite session: Achilovka WordPress \u2013 n\u00e1sledky prieniku m\u00f4\u017eu by\u0165 v\u00e1\u017enej\u0161ie, ako si mysl\u00edte<\/span><span class=\"dashicons dashicons-star-filled\"><\/span><\/a><\/div><\/td><\/tr><tr class=\"wcpt-time-1530 global-session wordpress-a-cachovanie-tipy-z-praxe\"><td class=\"wcpt-time\">15:30<\/td><td colspan=\"1\" class=\"wcb-speaker-martin-krcho wcb-track-vyvojari wcpt-session-type-session wcb-session-wordpress-a-cachovanie-tipy-z-praxe\" data-track-title=\"V\u00fdvoj\u00e1ri\" data-session-id=\"2326\"><div class=\"wcb-session-cell-content\"><span class=\"wcpt-session-title\">WordPress a cachovanie + tipy z praxe<\/span> <span class=\"wcpt-session-speakers\"><a href=\"https:\/\/slovakia.wordcamp.org\/2015\/spikri\/#wcorg-speaker-martin-krcho\">Martin Krcho<\/a><\/span><\/div><div class=\"wcb-session-favourite-icon\"><a href=\"#\" role=\"button\" class=\"fav-session-button\" aria-pressed=\"false\"><span class=\"screen-reader-text\">Favorite session: WordPress a cachovanie + tipy z praxe<\/span><span class=\"dashicons dashicons-star-filled\"><\/span><\/a><\/div><\/td><\/tr><tr class=\"wcpt-time-1630 global-session spolon-diskusia-a-zver\"><td class=\"wcpt-time\">16:30<\/td><td colspan=\"1\" class=\"wcb-track-pouzivatelia wcb-track-vyvojari wcpt-session-type-session wcb-session-diskusia\" data-track-title=\"Pou\u017e\u00edvatelia, V\u00fdvoj\u00e1ri\" data-session-id=\"2312\"><div class=\"wcb-session-cell-content\"><span class=\"wcpt-session-title\">Spolo\u010dn\u00e1 diskusia a z\u00e1ver<\/span><\/div><div class=\"wcb-session-favourite-icon\"><a href=\"#\" role=\"button\" class=\"fav-session-button\" aria-pressed=\"false\"><span class=\"screen-reader-text\">Favorite session: Spolo\u010dn\u00e1 diskusia a z\u00e1ver<\/span><span class=\"dashicons dashicons-star-filled\"><\/span><\/a><\/div><\/td><\/tr><\/tbody><\/table>\n<p><a href=\"https:\/\/2015.slovakia.wordcamp.org\/afterparty\/\"><strong>Afterparty<\/strong><\/a> bude cca od <strong>18:00<\/strong> v <a href=\"http:\/\/www.klubumelcov.sk\/\">Klube Umelcov<\/a>.<\/p>\n<p><strong>Nede\u013ea 19. 4. 2015<\/strong> od <strong>11:00<\/strong> <strong>&#8222;<a href=\"https:\/\/2015.slovakia.wordcamp.org\/contribution-day\/\">Contribution day<\/a>&#8222;<\/strong><br \/>\nWordCamp Slovensko bude pokra\u010dova\u0165 v nede\u013eu stretnut\u00edm WordPress nad\u0161encov, ktor\u00ed maj\u00fa z\u00e1ujem prispie\u0165 k tvorbe WordPress a pom\u00f4c\u0165 WordPress komunite.<\/p>\n<p>Chce\u0161 pr\u00eds\u0165? <a href=\"https:\/\/2015.slovakia.wordcamp.org\/kontakt\/\" target=\"_blank\">Tak n\u00e1m nap\u00ed\u0161<\/a>, aby sme o tebe vedeli.<\/p>\n","protected":false},"excerpt":{"rendered":"<p>Sobota 18. 4. 2015 &#8222;WordCamp Slovensko&#8220; Tento rok na teba \u010dak\u00e1 6 pou\u017e\u00edvate\u013esky laden\u00fdch prezent\u00e1ci\u00ed a 6 technick\u00fdch predn\u00e1\u0161ok pre v\u00fdvoj\u00e1rov, ktor\u00e9 sa bud\u00fa odohr\u00e1va\u0165 v dvoch miestnostiach. Jeden hodinov\u00fd blok bude pozost\u00e1va\u0165 z 30 min\u00fatovej predn\u00e1\u0161ky, 15 min\u00fatovej moderovanej &hellip; <a href=\"https:\/\/slovakia.wordcamp.org\/2015\/program\/\">Pokra\u010dova\u0165 v \u010d\u00edtan\u00ed <span class=\"meta-nav\">&rarr;<\/span><\/a><\/p>\n","protected":false},"author":461175,"featured_media":0,"parent":0,"menu_order":0,"comment_status":"open","ping_status":"closed","template":"","meta":{"jetpack_post_was_ever_published":false,"footnotes":""},"class_list":["post-5","page","type-page","status-publish","hentry"],"jetpack_shortlink":"https:\/\/wp.me\/P5jyiY-5","jetpack_sharing_enabled":true,"_links":{"self":[{"href":"https:\/\/slovakia.wordcamp.org\/2015\/wp-json\/wp\/v2\/pages\/5","targetHints":{"allow":["GET"]}}],"collection":[{"href":"https:\/\/slovakia.wordcamp.org\/2015\/wp-json\/wp\/v2\/pages"}],"about":[{"href":"https:\/\/slovakia.wordcamp.org\/2015\/wp-json\/wp\/v2\/types\/page"}],"author":[{"embeddable":true,"href":"https:\/\/slovakia.wordcamp.org\/2015\/wp-json\/wp\/v2\/users\/461175"}],"replies":[{"embeddable":true,"href":"https:\/\/slovakia.wordcamp.org\/2015\/wp-json\/wp\/v2\/comments?post=5"}],"version-history":[{"count":61,"href":"https:\/\/slovakia.wordcamp.org\/2015\/wp-json\/wp\/v2\/pages\/5\/revisions"}],"predecessor-version":[{"id":2958,"href":"https:\/\/slovakia.wordcamp.org\/2015\/wp-json\/wp\/v2\/pages\/5\/revisions\/2958"}],"wp:attachment":[{"href":"https:\/\/slovakia.wordcamp.org\/2015\/wp-json\/wp\/v2\/media?parent=5"}],"curies":[{"name":"wp","href":"https:\/\/api.w.org\/{rel}","templated":true}]}}